
4
(4 - (6 + (-3 - -1))) + -3
-3
What is (-7 - -18) + (-6 - -3)?
8
Calculate (-8 - (-2 + -2)) + 3.
-1
What is the value of -3 + 9 + -8 + (-5 - -2)?
-5
(4 + (-7 - -4) - -6) + -10
-3
What is the value of -3 + -4 + 1 + 4 + -2?
-4
Calculate -8 + 9 + 3 + -2 + 3.
5
What is 3 + -6 - (0 - 1)?
-2
1 - 1 - (-5 + 5)
0
Evaluate 1 - (5 + -5) - 1.
0
Evaluate (-4 - -3 - 1) + -1 - -2.
-1
-4 - (5 + 3 + -7)
-5
What is the value of 2 + (9 - 6 - 4)?
1
Evaluate -2 - 5 - -4 - -3.
0
What is the value of -3 - -6 - (4 - (3 + 0))?
2
(1 - (-1 + 1)) + (4 - 3)
2
What is 0 + 5 - (2 + -2 - -2)?
3
Evaluate -1 - (-20 - -12 - -9).
-2
Calculate -1 - (6 - 7 - -1).
-1
-9 + 5 + (11 - (3 - 1))
5
Evaluate 2 - ((7 - 3) + 0).
-2
Calculate -4 + -2 + (-5 - -2) + 13.
4
(42 + -30 - (1 + 1)) + -6
4
What is (-4 - (-5 - 2)) + (6 - 3)?
6
Calculate 7 - (4 + 1) - 3.
-1
3 + 5 + -4 - 1
3
Evaluate 3 - (-1 + -1 + 5).
0
Calculate 0 + -4 + 12 + -6.
2
What is the value of 1 + -10 - (-83 - -68)?
6
1 - (-1 - -1 - 7)
8
Evaluate 0 - 0 - (-22 - -18).
4
Evaluate -2 - (-4 + 2 - 0).
0
-2 + -4 - (-3 + 2)
-5
Evaluate (-11 - (9 - 8)) + 4.
-8
What is 6 + 0 + -12 + (12 - 5)?
1
What is 4 - ((-16 - -13) + 8)?
-1
What is 1 - (-4 + -3) - 7?
1
Evaluate 1 - (17 + -9 - (1 + 2)).
-4
What is -7 - (0 - (-3 + 8))?
-2
What is the value of 2 - (2 + (6 - 7))?
1
15 + -9 + -4 - 2
0
What is -13 + (4 - (10 - 3)) + 8?
-8
(-9 + 1 - -10) + 4
6
What is the value of 4 + (-5 - -2) + (0 - 1)?
0
What is the value of (-2 - 3) + 3 - -6?
4
What is the value of 25 + -27 + (-2 - -2)?
-2
Calculate -2 - (-13 + 7 + 10).
-6
What is -3 - (3 - 6) - -2?
2
4 + -3 + (-1 - 0) + 0
0
Evaluate 6 - (8 + -2 - (-16 - -20)).
4
What is (-7 - 6) + (34 - 20)?
1
What is the value of -2 + (11 - (-1 + 5))?
5
Evaluate -2 + (4 - 0) + 0 + 1.
3
Calculate 0 + -2 + 9 - 13.
-6
Evaluate -9 + 3 + -10 + 6 + 4.
-6
What is -6 + 1 + 0 + (153 - 155)?
-7
Evaluate -14 + 4 + 8 + -5.
-7
0 + -7 - (-49 - -44)
-2
Evaluate 2 + 1 - (-61 - -62).
2
Calculate -5 + 10 - 12 - (-2 - 15).
10
What is 2 - ((3 - (-7 - -2)) + -1)?
-5
What is the value of (-21 - -23) + (-1 - 8)?
-7
Calculate 5 - (1 + 0 + (-72 - -81)).
-5
(-5 + 2 - 14) + 10
-7
0 + 7 + -8 + -2
-3
What is 2 + 3 - (1 + -1)?
5
7 + (6 - 15) + 6
4
(3 - -5) + -17 + 5
-4
What is 0 + -2 + 0 + 2 + 3?
3
Evaluate -7 - ((-6 - (6 - 2)) + 2).
1
(7 - (21 - 7)) + -3
-10
What is -7 - -5 - (-3 - 1)?
2
Calculate 9 - 11 - (-1 + 7).
-8
What is the value of 12 + -20 - (1 + -13)?
4
What is 8 + -10 + -5 + 2?
-5
What is the value of 6 + -5 - (0 + -4 - -2)?
3
What is (2 - 1) + -9 - (7 - 11)?
-4
What is -10 - -11 - (-4 + 0)?
5
Calculate (-9 - -6) + 0 + 8.
5
Calculate -3 + (1 + 2 - -2 - 1).
1
7 + -6 + -5 + 4 + -1
-1
Calculate 6 + (1 - 11) - (-1 + 1).
-4
Evaluate 63 + -59 - (10 + 0).
-6
What is 5 + (-1 - (1 + 0))?
3
What is the value of 3 + 0 - (5 - -7 - 9)?
0
What is the value of -43 + 40 - (-12 + 0)?
9
Evaluate -5 - (6 + -6 - 5).
0
What is (-3 + 0 - (10 + -10)) + 0?
-3
Calculate -4 - -5 - (4 - (1 - 1)).
-3
-1 + -3 + -24 + 29
1
0 - (-3 - -3 - 3 - -4)
-1
Calculate -11 - (-15 - -7) - 1.
-4
Evaluate 1 + 0 + 8 + -2 + -8.
-1
What is -21 - -16 - ((-2 - -1) + -2)?
-2
Evaluate 20 + -7 - 7 - 8.
-2
Evaluate (-9 - -5) + (5 + -2 - 1).
-2
Evaluate (0 - (-3 + 3 + 2)) + -3.
-5
What is the value of -2 + (6 - 3 - 0)?
1
What is 7 - (11 + 2 + -6)?
0
Evaluate -8 + (0 - -6) + -9.
-11
What is the value of -1 + -8 + 11 + (-4 - -1)?
-1
What is the value of (-3 - 1) + 1 - -6?
3
2 + -1 + 2 + (25 - 33)
-5
-3 - -7 - (-20 + 19)
5
(-6 - (-14 + 12)) + 8 + 1
5
What is the value of (9 - (8 - 3) - 1) + 3?
6
Calculate 7 + -16 + (-7 - (6 - 15)).
-7
What is 0 + 0 - -4 - (-37 - -40)?
1
Calculate 1 + 4 + -9 + -1.
-5
Evaluate -2 - ((11 + 0 - 4) + -4).
-5
What is the value of (-8 - -4) + 9 - 0?
5
Evaluate -7 + (5 - (9 - 8)) - -7.
4
Calculate -4 + (-1 - (-1 + 3 + -6)).
-1
What is (-7 + 14 - 3) + -11 + 0?
-7
5 + (-2 - 1) + -1 + 0
1
Evaluate 7 + -6 + -11 + 8.
-2
What is (5 - 11) + 2 + -5 + 9?
0
Calculate -1 + 8 + -18 + 17.
6
Evaluate (0 - -5 - 8) + -4.
-7
Evaluate -3 + (4 - -7 - 7).
1
What is the value of 0 - (-8 - -4 - 6 - -6)?
4
12 + -11 - 4 - (2 + -7)
2
What is 4 - (7 + -7) - 6?
-2
Calculate 4 + -4 + 2 + -1 - 2.
-1
What is -7 + 5 - (-7 - -6)?
-1
6 + -8 + (-8 - -14)
4
4 - 12 - (-10 + -3)
5
What is the value of 2 + (4 - 9) + 2 - 0?
-1
What is the value of -4 + 5 - ((2 - 2) + 0)?
1
Calculate (1 - 1) + (-6 - -5) + -4.
-5
What is (-3 - -2 - 4) + (-3 - -6)?
-2
Calculate (4 - (0 + 5)) + -1 - 4.
-6
-13 + 18 + (-1 - 3)
1
Evaluate 2 - -2 - ((5 - -4) + -3).
-2
Calculate (0 - 1) + (-6 - -10) + -8.
-5
What is the value of 1 - 5 - (-21 + 10)?
7
What is the value of 1 - 6 - (3 + -3)?
-5
What is 1 + 1 - (4 - 1)?
-1
What is the value of 0 - 1 - -2 - (-4 + 7)?
-2
Evaluate -1 + 5 + (5 + -6 - 3).
0
Evaluate 7 - (5 - 3 - (0 - 4)).
1
What is -17 + 5 + (19 - 13)?
-6
What is the value of -9 + 14 - (-7 + 3 + 16)?
-7
What is the value of -244 - -235 - (0 + 1 + -5)?
-5
Calculate (-3 - 1) + (5 - (0 - -4)).
-3
Calculate 4 + (0 - (4 + -1)).
1
What is (-5 - 1 - -5) + 3 + 7?
9
What is 5 + (-5 - 1) + -2?
-3
(0 - 2) + -6 + (8 - 5)
-5
What is the value of -16 - -6 - (-9 + -1)?
0
(0 - 7) + -1 - (2 - 5)
-5
What is 5 + -1 - ((-4 - -15) + -9)?
2
What is 5 + (-8 - -3) + 3?
3
What is -9 - (-2 - (3 - 1))?
-5
What is the value of 6 - (7 + -6) - 1?
4
Calculate -1 - (-7 + 6) - (0 + 3).
-3
-2 + -1 - ((-4 - -5) + -6)
2
-63 + 62 - (1 - 3)
1
What is the value of 1 + 2 + -1 + -4?
-2
What is -5 - 1 - (0 - (-5 + 8))?
-3
Evaluate 7 + -3 + 0 + (-3 - 5).
-4
What is 3 - (10 + (1 - 6))?
-2
What is 9 + -2 + 1 + -3?
5
(1 - ((4 - -2) + -4)) + 3
2
What is the value of 1 + 2 + (-7 - -4)?
0
-5 + 4 + -1 - -2
0
What is the value of 4 - (-11 + 13) - -6?
8
-7 + 10 + 3 + -3
3
Evaluate -4 + -1 + (-2 - -9).
2
Calculate -2 - (-3 + (-8 - -7)).
2
What is the value of (-7 - 0) + (-3 - (-2 + -3))?
-5
What is 5 + -5 - (2 - 4) - 7?
-5
Calculate -2 - (-7 + 11 + -3 + 0).
-3
Calculate 9 + -22 - (-5 + 2 - 3).
-7
Calculate 79 + -69 + (-4 - (0 + 0)).
6
13 + 1 + -5 - 4
5
What is the value of -1 + 2 - 1 - 4?
-4
Calculate 13 + 0 + (190 - 199).
4
What is -2 - (3 + -3) - -3?
1
What is 2 - 1 - (-22 - -29)?
-6
What is the value of (4 - -2 - (-13 - -24)) + 9?
4
Evaluate 10 + -3 - (7 + -3).
3
Evaluate 2 + 4 + 1 - 7.
0
What is the value of 10 - (8 - 9) - 3?
8
What is the value of (-2 - -2) + (-8 - -7)?
-1
Evaluate 1 + (4 - 2) + -5.
-2
(-1 - ((-3 - 0) + 0)) + 3
5
What is (-6 - -2) + (-5 - -10)?
1
-2 - 2 - -3 - 1
-2
What is the value of -2 - (-2 + 1 + 1 + -1)?
-1
-5 + 2 + 0 + 6 - -2
5
Calculate -1 + -16 + 8 + 5.
-4
What is the value of 6 + (1 + 4 - 3) - 3?
5
What is the value of 7 + -4 + -1 + 2?
4
(2 + 1 - 5) + -1
-3
What is the value of (-42 - -42) + -3 + (-1 - -3)?
-1
(4 - 5) + (-4 + 0 - -1)
-4
What is the value of 3 + (5 - 11) + 6?
3
What is the value of 6 + (3 - 5) + -3?
1
5 - (1 - ((2 - -5) + -4))
7
-5 + (5 - (11 - 7))
-4
Calculate -4 - (3 - (1 - -1)).
-5
What is the value of -7 - (2 - (-3 - -4 - -3))?
-5
6 + (-4 - 2 - -1)
1
1 + (-5 - (4 + -5 + 0))
-3
What is the value of -7 - (-2 - 1 - -1)?
-5
What is the value of 2 - 0 - (-6 + (0 - -6))?
2
What is 7 + (-5 - (-3 - -2))?
3
Evaluate 1 + (-4 - -2) - (-31 - -35).
-5
What is 8 + (-2 - 3) - 4?
-1
Calculate 21 - 26 - (2 + -9).
2
What is the value of -2 + (-3 - -6) + -6?
-5
Evaluate 5 + (-2 - (-1 - 0)).
4
What is the value of 6 + 1 + (-1 - 2)?
4
What is the value of -7 - 2 - (4 - 4)?
-9
What is the value of 1 + 0 - (0 - (-6 + 5))?
0
-4 + (-1 - 5) + 15 + 1
6
What is 1 - (-3 - -3) - (-1 - 0)?
2
-9 - (-2 + -11 + 9)
-5
Calculate 0 + 19 + -23 - (0 + 4).
-8
2 + 1 - 1 - (12 - 3)
-7
What is the value of -4 + 2 + 1 + 15 + -13?
1
Calculate 2 + -1 + 4 + -4.
1
4 - (0 - (-9 - -6))
1
Evaluate -2 + -6 - (-1 + (-6 - -3)).
-4
What is the value of -9 - (-26 + 11) - 2?
4
What is (-5 - 1) + 4 + -4 + 3?
-3
What is 4 + -1 + (-2 - 3) + 3?
1
Evaluate 1 + (-6 - -1 - -9).
5
What is the value of -7 + 5 + (-1 - -5) + 1?
3
What is the value of (-1 - (-1 - -7)) + 1?
-6
0 - -3 - (2 - 2 - 0)
3
What is the value of -4 + 10 - 1 - (-7 - -7)?
5
Calculate 0 + 0 - (-5 - -1) - -4.
8
What is the value of (0 - (-4 + -1)) + -4?
1
Calculate (1 - 5) + 32 + -32.
-4
What is (3 - 2) + (-5 - -10) - 3?
3
Evaluate -8 + (28 - 14) + -14.
-8
Evaluate 0 - -6 - (3 - 1) - 0.
4
Calculate -26 + 25 + -7